?
True
Is 4 a factor of 2783362?
False
Is 513 a factor of 789413952?
False
Is 28 a factor of 2649290927?
False
Does 1410 divide 51775200?
True
Is 53058440 a multiple of 24?
False
Is 303 a factor of 491968445?
False
Is 1062905760 a multiple of 3360?
True
Does 115 divide 19657351?
False
Is 222726627 a multiple of 9?
True
Does 53 divide 22323096?
False
Is 13 a factor of 1208651223?
True
Is 195 a factor of 2594865?
True
Is 823498 a multiple of 4?
False
Is 333 a factor of 79410510?
True
Is 78149376 a multiple of 2536?
True
Does 95 divide 1013583085?
False
Does 18 divide 231596694?
True
Is 1117 a factor of 38687295?
True
Is 3742522 a multiple of 98?
True
Is 7 a factor of 43580328?
False
Does 194 divide 33566074?
True
Is 42 a factor of 1205326960?
False
Does 943 divide 166302765?
True
Does 33 divide 1688397097?
False
Does 23 divide 561531200?
True
Does 349 divide 684094458?
False
Is 4507470 a multiple of 15?
True
Does 1380 divide 22362900?
True
Is 115 a factor of 16026630?
True
Is 632214641 a multiple of 18?
False
Is 16297008 a multiple of 104?
True
Is 375 a factor of 880203375?
True
Does 5 divide 12666912?
False
Is 18774207 a multiple of 27?
True
Is 67138220 a multiple of 916?
True
Does 3 divide 316308?
True
Is 479417510 a multiple of 4070?
True
Is 127 a factor of 19664807?
True
Is 1142 a factor of 60330149?
False
Does 11 divide 27226386?
True
Is 8 a factor of 572424?
True
Is 39 a factor of 321154585?
False
Is 887 a factor of 264908759?
True
Does 145 divide 1868405620?
True
Is 13299102 a multiple of 299?
False
Does 15 divide 166467939?
False
Does 173 divide 32692156?
True
Is 131273500 a multiple of 3?
False
Does 435 divide 8098893?
False
Does 28 divide 86082730?
False
Is 95387152 a multiple of 112?
True
Does 13 divide 1878918?
False
Does 3110 divide 122204340?
True
Does 50 divide 49672?
False
Is 17739226 a multiple of 98?
False
Is 148280325 a multiple of 6?
False
Does 211 divide 22538809?
True
Is 21742330 a multiple of 355?
True
Does 17 divide 488864410?
True
Is 84 a factor of 133409556?
True
Is 196 a factor of 3376540964?
False
Is 178865990 a multiple of 327?
False
Is 14633430 a multiple of 1190?
True
Does 9 divide 45527046?
False
Does 937 divide 62304878?
True
Is 2182367775 a multiple of 21?
True
Is 756 a factor of 1282091039?
False
Is 20347992 a multiple of 2577?
True
Is 522905349 a multiple of 41?
True
Does 23 divide 419978177?
False
Does 93 divide 66476121?
True
Does 113 divide 25613484?
True
Is 5884349550 a multiple of 15?
True
Is 4501057834 a multiple of 14?
True
Is 377841096 a multiple of 1304?
False
Is 32128334 a multiple of 34?
True
Does 122 divide 256877100?
True
Is 563 a factor of 226274204?
True
Is 468 a factor of 1310860023?
False
Does 147 divide 3103552?
False
Is 11914 a factor of 3161240378?
False
Is 13 a factor of 570637669?
False
Is 9649449 a multiple of 9?
True
Is 15 a factor of 3300564856?
False
Is 46 a factor of 50536835?
False
Is 11108093 a multiple of 12?
False
Is 1884 a factor of 790593524?
False
Is 61571200 a multiple of 439?
False
Is 1994 a factor of 4014508236?
True
Is 114359606 a multiple of 576?
False
Does 271 divide 6352798?
False
Is 4 a factor of 25801236?
True
Does 32 divide 273594151?
False
Does 9 divide 13412596?
False
Is 54243083 a multiple of 11?
False
Is 5 a factor of 38409400?
True
Is 1122152158 a multiple of 8184?
False
Does 86 divide 106601042?
True
Is 4638504 a multiple of 104?
True
Is 21 a factor of 34563832?
False
Is 20 a factor of 17828540?
True
Is 1560838104 a multiple of 321?
True
Is 2 a factor of 16172810?
True
Does 81 divide 364865099?
False
Does 4 divide 2950508?
True
Is 4101 a factor of 146713753?
False
Does 61 divide 30077906?
False
Does 10 divide 1142421847?
False
Is 385821931 a multiple of 162?
False
Is 138 a factor of 485959134?
True
Does 100 divide 163266264?
False
Does 4535 divide 4416427641?
False
Is 278263950 a multiple of 3276?
False
Is 1901 a factor of 179260238?
False
Is 174778952 a multiple of 15?
False
Is 78 a factor of 8866625?
False
Does 84 divide 2142990465?
False
Is 62 a factor of 5445863186?
True
Does 11 divide 15632749?
True
Is 7510412 a multiple of 439?
True
Is 127 a factor of 25485344?
True
Is 162775680 a multiple of 4987?
True
Is 5958957874 a multiple of 122?
True
Is 39 a factor of 51619739?
False
Does 32 divide 442721159?
False
Is 30455796 a multiple of 84?
True
Is 90 a factor of 947221648?
False
Is 17 a factor of 269733968?
True
Does 121 divide 105055951?
True
Is 1340 a factor of 70019566?
False
Does 18 divide 1610462?
False
Does 36 divide 754183440?
True
Is 34807278 a multiple of 6?
True
Is 183 a factor of 286483206?
True
Is 961159 a multiple of 45?
False
Is 122382369 a multiple of 4?
False
Does 43 divide 96015059?
False
Does 8 divide 1216599940?
False
Does 3086 divide 798354372?
True
Is 856 a factor of 193569848?
True
Does 8 divide 124752437?
False
Is 307 a factor of 12982091?
False
Is 118509963 a multiple of 143?
True
Is 22920853 a multiple of 8?
False
Is 303597649 a multiple of 83?
True
Is 136 a factor of 46219872?
True
Is 7659 a factor of 2077622525?
False
Is 54052882 a multiple of 3390?
False
Is 220698221 a multiple of 196?
False
Does 17 divide 43098854?
False
Is 500964980 a multiple of 2290?
True
Is 205139564 a multiple of 82?
True
Is 997426644 a multiple of 3643?
False
Is 718647986 a multiple of 2690?
False
Is 281 a factor of 595345146?
True
Is 6600593184 a multiple of 502?
True
Does 30 divide 1034700?
True
Does 1786 divide 40343483?
False
Is 170 a factor of 4507545?
False
Is 1457 a factor of 3831973652?
False
Is 374660468 a multiple of 133?
True
Does 27 divide 157534142?
False
Does 60 divide 328884237?
False
Does 1026 divide 93277140?
False
Is 11266200 a multiple of 396?
True
Is 5 a factor of 20485910?
True
Is 45498946 a multiple of 186?
False
Does 115 divide 48021585?
True
Does 2750 divide 61441720?
False
Does 12 divide 2134731672?
True
Does 66 divide 402382992?
True
Is 69 a factor of 1754623?
False
Is 38787312 a multiple of 246?
True
Is 617 a factor of 64895443?
True
Does 131 divide 114143594?
False
Is 13 a factor of 13021229?
True
Is 26 a factor of 121350831?
False
Is 605 a factor of 13867810?
True
Is 12972111 a multiple of 129?
True
Is 13548282 a multiple of 507?
False
Does 31 divide 188721552?
True
Is 1575607511 a multiple of 595?
False
Is 129 a factor of 42665073?
True
Is 141 a factor of 21794229?
True
Is 48991527 a multiple of 1131?
True
Does 914 divide 268068888?
True
Does 3096 divide 269252928?
True
Is 743 a factor of 9767153?
False
Does 34 divide 10647575?
False
Is 17307139 a multiple of 29?
False
Is 13435278 a multiple of 25?
False
Is 56226888 a multiple of 4?
True
Is 1378950035 a multiple of 6?
False
Is 250 a factor of 139802750?
True
Is 140 a factor of 67118544?
False
Is 85 a factor of 69006503?
False
Is 504 a factor of 45116568?
True
Does 5009 divide 291755076?
False
Is 438704550 a multiple of 225?
True
Is 143 a factor of 5983761?
False
Does 3175 divide 1866353020?
False
Does 309 divide 285439939?
False
Is 301 a factor of 141228112?
False
Is 5 a factor of 18943961?
False
Does 462 divide 5263111?
False
Is 31345968 a multiple of 24?
True
Is 47 a factor of 24024963?
False
Is 3635140 a multiple of 5?
True
Does 134 divide 254417771?
False
Does 1037 divide 321843034?
False
Is 77 a factor of 368420052?
True
Is 121921169 a multiple of 3543?
False
Is 295 a factor of 31494616?
False
Does 859 divide 16135456?
True
Is 222888188 a multiple of 187?
False
Is 540847391 a multiple of 1557?
False
Is 8 a factor of 1434282?
False
Is 132 a factor of 5525520?
True
Is 134210388 a multiple of 766?
False
Is 284 a factor of 1546530663?
False
Is 1324 a factor of 28410392?
True
Is 73752420 a multiple of 84?
True
Is 14 a factor of 53240438?
False
Is 6366444 a multiple of 2754?
False
Is 57371466 a multiple of 6?
True
Is 101360882 a multiple of 29?
False
Is 859632906 a multiple of 29?
True
Does 156 divide 765531780?
True
Is 191 a factor of 36482574?
False
Does 7 divide 512211?
True
Is 129856426 a multiple of 1609?
False
Does 9783 divide 1772037636?
False
Is 1076871618 a multiple of 219?
True
Is 472275 a multiple of 75?
True
Does 154 divide 10337096?
True
Is 105924650 a multiple of 535?
True
Is 802160905 a multiple of 35?
True
Is 14 a factor of 201153708?
True
Does 2121 divide 565